?
5
What is the units digit of 152075?
5
What is the millions digit of 2460009?
2
What is the hundreds digit of 160195?
1
What is the ten thousands digit of 43840?
4
What is the units digit of 4094306?
6
What is the millions digit of 2587847?
2
What is the hundreds digit of 135064?
0
What is the hundreds digit of 44855?
8
What is the ten thousands digit of 7010778?
1
What is the tens digit of 245791?
9
What is the millions digit of 32056875?
2
What is the thousands digit of 56909?
6
What is the hundreds digit of 642083?
0
What is the hundred thousands digit of 6113049?
1
What is the ten thousands digit of 2890613?
9
What is the units digit of 298485?
5
What is the tens digit of 1170633?
3
What is the hundreds digit of 5561352?
3
What is the units digit of 578114?
4
What is the units digit of 37740211?
1
What is the hundreds digit of 54640?
6
What is the hundreds digit of 15941?
9
What is the units digit of 921228?
8
What is the millions digit of 3832457?
3
What is the thousands digit of 2242350?
2
What is the units digit of 1971594?
4
What is the hundreds digit of 174763?
7
What is the hundred thousands digit of 214949?
2
What is the thousands digit of 202366?
2
What is the units digit of 26989541?
1
What is the tens digit of 98976?
7
What is the thousands digit of 6618919?
8
What is the thousands digit of 651676?
1
What is the ten thousands digit of 7595934?
9
What is the units digit of 1006958?
8
What is the tens digit of 20041683?
8
What is the hundred thousands digit of 20711248?
7
What is the ten thousands digit of 274312?
7
What is the tens digit of 70149?
4
What is the units digit of 422424?
4
What is the millions digit of 2223896?
2
What is the thousands digit of 61208?
1
What is the hundreds digit of 299913?
9
What is the hundred thousands digit of 2640343?
6
What is the millions digit of 2782776?
2
What is the thousands digit of 4052142?
2
What is the ten thousands digit of 2251832?
5
What is the ten thousands digit of 288720?
8
What is the tens digit of 9500871?
7
What is the tens digit of 10076902?
0
What is the hundred thousands digit of 3653294?
6
What is the tens digit of 755624?
2
What is the ten thousands digit of 1094259?
9
What is the hundreds digit of 616400?
4
What is the tens digit of 6332283?
8
What is the tens digit of 61115?
1
What is the hundred thousands digit of 3021310?
0
What is the ten millions digit of 18983881?
1
What is the hundred thousands digit of 245613?
2
What is the hundreds digit of 3820442?
4
What is the tens digit of 350934?
3
What is the hundred thousands digit of 383889?
3
What is the units digit of 521829?
9
What is the hundred thousands digit of 475209?
4
What is the tens digit of 48421?
2
What is the tens digit of 11366317?
1
What is the thousands digit of 626184?
6
What is the ten millions digit of 22613142?
2
What is the units digit of 411805?
5
What is the hundred thousands digit of 1831526?
8
What is the hundred thousands digit of 198946?
1
What is the units digit of 2959738?
8
What is the hundreds digit of 431449?
4
What is the millions digit of 4364520?
4
What is the ten thousands digit of 650591?
5
What is the hundreds digit of 468923?
9
What is the thousands digit of 16465741?
5
What is the units digit of 1683167?
7
What is the hundreds digit of 3039518?
5
What is the hundreds digit of 633962?
9
What is the hundred thousands digit of 3031662?
0
What is the units digit of 1759017?
7
What is the hundreds digit of 877049?
0
What is the hundreds digit of 1237939?
9
What is the millions digit of 1076132?
1
What is the hundreds digit of 80161?
1
What is the tens digit of 673869?
6
What is the ten thousands digit of 248739?
4
What is the tens digit of 744025?
2
What is the thousands digit of 1487718?
7
What is the units digit of 608091?
1
What is the hundred thousands digit of 5915796?
9
What is the thousands digit of 265187?
5
What is the thousands digit of 72697?
2
What is the tens digit of 2281702?
0
What is the units digit of 4542793?
3
What is the units digit of 550321?
1
What is the tens digit of 1438931?
3
What is the millions digit of 7490833?
7
What is the ten millions digit of 10447643?
1
What is the units digit of 1501055?
5
What is the hundreds digit of 576451?
4
What is the millions digit of 2604952?
2
What is the units digit of 192973?
3
What is the millions digit of 4716935?
4
What is the thousands digit of 1859234?
9
What is the thousands digit of 785246?
5
What is the tens digit of 782027?
2
What is the ten millions digit of 23457806?
2
What is the units digit of 59717?
7
What is the thousands digit of 1546346?
6
What is the hundreds digit of 25626749?
7
What is the units digit of 6606584?
4
What is the units digit of 6622203?
3
What is the hundred thousands digit of 1790357?
7
What is the units digit of 39663143?
3
What is the tens digit of 2500773?
7
What is the thousands digit of 14748?
4
What is the hundred thousands digit of 1192823?
1
What is the thousands digit of 12527752?
7
What is the units digit of 1411752?
2
What is the hundreds digit of 2835462?
4
What is the hundreds digit of 1298349?
3
What is the hundreds digit of 2523616?
6
What is the thousands digit of 812299?
2
What is the millions digit of 9062939?
9
What is the tens digit of 2406524?
2
What is the units digit of 114365?
5
What is the ten thousands digit of 391901?
9
What is the hundred thousands digit of 207682?
2
What is the hundreds digit of 800497?
4
What is the units digit of 11024290?
0
What is the tens digit of 1722602?
0
What is the hundreds digit of 1167173?
1
What is the hundred thousands digit of 2087961?
0
What is the units digit of 5121559?
9
What is the units digit of 295717?
7
What is the hundreds digit of 288075?
0
What is the tens digit of 34153?
5
What is the hundred thousands digit of 5621271?
6
What is the units digit of 5125820?
0
What is the thousands digit of 1102236?
2
What is the units digit of 4379339?
9
What is the millions digit of 3522670?
3
What is the ten millions digit of 13055190?
1
What is the tens digit of 10622557?
5
What is the ten thousands digit of 395451?
9
What is the tens digit of 754167?
6
What is the hundred thousands digit of 1581850?
5
What is the thousands digit of 358457?
8
What is the thousands digit of 3981183?
1
What is the units digit of 1139501?
1
What is the hundred thousands digit of 1452865?
4
What is the units digit of 13020767?
7
What is the units digit of 397052?
2
What is the hundred thousands digit of 7699098?
6
What is the millions digit of 3305074?
3
What is the thousands digit of 244477?
4
What is the ten thousands digit of 19946996?
4
What is the hundreds digit of 6240335?
3
What is the hundreds digit of 1708112?
1
What is the hundreds digit of 13459717?
7
What is the millions digit of 32781060?
2
What is the thousands digit of 75063?
5
What is the hundreds digit of 5344559?
5
What is the ten thousands digit of 2813166?
1
What is the hundred thousands digit of 7612646?
6
What is the hundred thousands digit of 9892114?
8
What is the units digit of 874953?
3
What is the units digit of 3566084?
4
What is the units digit of 9283121?
1
What is the hundreds digit of 230462?
4
What is the hundreds digit of 324987?
9
What is the hundreds digit of 211083?
0
What is the hundred thousands digit of 4930014?
9
What is the hundred thousands digit of 1777912?
7
What is the units digit of 287223?
3
What is the units digit of 359188?
8
What is the units digit of 2021?
1
What is the thousands digit of 63629?
3
What is the thousands digit of 16640065?
0
What is the tens digit of 71309?
0
What is the ten thousands digit of 2536351?
3
What is the units digit of 99234?
4
What is the tens digit of 1298226?
2
What is the hundred thousands digit of 298453?
2
What is the hundreds digit of 5067562?
5
What is the hundred thousands digit of 1082721?
0
What is the tens digit of 188516?
1
What is the tens digit of 5973679?
7
What is the hundreds digit of 1469062?
0
What is the hundreds digit of 240991?
9
What is the thousands digit of 1594676?
4
What is the hundred thousands digit of 385887?
3
What is the units digit of 6003?
3
What is the units digit of 8050230?
0
What is the ten millions digit of 15560664?
1
What is the ten thousands digit of 2693698?
9
What is the un